20*q**2 - 20*q + 13. Let h be d(19). Let u be 3*(-590)/225 + h/45. Let b(f) = -f**3 - 7*f**2 + 7*f - 5. Give b(u).
3
Let x(z) = -6 + 0 + 6*z**2 + 14*z + 3*z - 16*z - z**3. Determine x(4).
30
Let h(j) = j**2 + 18*j - 50. Suppose 2*m = 12, -n - 5 = 4*m - 9. Calculate h(n).
-10
Let x(z) = -3*z + 67. Let y(w) = -40*w - 22. Let n be y(-1). Calculate x(n).
13
Let g(k) = 2*k**3 + 11*k**2 + 6*k + 1. Let u be (8/(-32))/((-1)/120*-6). Give g(u).
-4
Let j(u) = u**3 + 2*u**2 - 5*u - 3. Let w(b) be the second derivative of -b**5/20 - b**4/4 - b**3/6 - b**2/2 - 18*b + 2. Let h be w(-2). What is j(h)?
3
Let b = 2 + -6. Suppose 5*x = -g - 18, g - 6*x + 2 = -7*x. Let r(v) = v + g + 9*v - 6*v. Give r(b).
-14
Suppose 0*n = 5*n + 50. Let b = -15 - n. Let u(d) be the third derivative of -d**4/24 - 62*d**2. Calculate u(b).
5
Let x be 105/6*24/5. Suppose x*a - 79*a = 35. Let f(l) = 2*l + 7. Determine f(a).
21
Let v(f) = 131*f - 8120. Let t be v(62). Let u(j) be the third derivative of 20*j**t - 1/24*j**4 + 0 - 1/2*j**3 + 0*j. Give u(-2).
-1
Let w(s) = 2*s**3 - 59*s**2 - 30*s - 4. Let v = 1605 - 1575. Determine w(v).
-4
Let z(m) = 2 - 14 - 272*m - 8 + 271*m - 19. What is z(-15)?
-24
Let i(v) = -39215*v**2 + 6*v + 39217*v**2 + 5*v - 15. Determine i(-8).
25
Let i be (-6)/(6 + -4)*2. Let o(m) = -m**3 - 7*m**2 + 3*m - 2. Calculate o(i).
-56
Let o(i) = 3*i**2 + 265*i - 248*i + i**3 - 20 - 20*i**2. Determine o(16).
-4
Let m(v) be the third derivative of -v**6/120 + v**5/15 - v**4/8 - 313*v**2 - 2. Suppose 3*l - 20 - 1 = 0. Let f = 9 - l. Give m(f).
2
Let b(v) = -2*v - 2. Let c(f) = -3*f - 9. Let w(x) = -1. Let d(j) = -c(j) + 6*w(j). Let l(h) = -5*b(h) - 3*d(h). Suppose n = 2*n - 3. What is l(n)?
4
Suppose 0 = -2*p - 0*p + 4*p. Suppose 5*n - 5*m = 0, p = 4*n - 0*m + 3*m - 7. Let x(w) = -4 - 7*w - 13*w**2 - 3*w + 12*w + 3. What is x(n)?
-12
Let n(f) = -3*f**2 + 19*f + 6. Let p(d) = d**2 - 3*d - 2. Let w(a) = a + 1. Let o(t) = -p(t) - 3*w(t). Let j(c) = -n(c) + o(c). Give j(10).
3
Suppose 0*n = -2*n - u - 368, 4*n = u - 724. Let s = n + 173. Let z(i) = -i + i**3 + 5*i**2 + 0*i**2 - 2 + 4*i**2. Determine z(s).
7
Let g(x) = 26*x - 7. Let a be g(12). Let s(i) = 16*i - 44. Let t be s(3). Let d(l) = 2*l + a*l**2 - 304*l**2 + t - 7*l. What is d(4)?
0
Let r be (-1)/6 - (49/18)/((-129)/387). Let h(f) = f - 14. What is h(r)?
-6
Let r be (-2)/(8/(-12)) - (1 - 3). Let y(b) = 23 + 11*b**2 + 5*b**3 - r*b**3 - 15*b + b**3 + 27*b. Calculate y(-10).
3
Let z(a) = -a**3 - 3*a**2 - a. Let i be z(-3). Let q be 1/(-3) - (-5)/(180/48). Let l(s) = 4*s**2 + 2*s - s**i - q + 7 - 4*s. What is l(4)?
-2
Let t(k) be the first derivative of -k**4/4 - 9*k**3 - 27*k**2/2 - 30*k + 1006. Determine t(-26).
-4
Let i(j) = 6*j**2 - 2*j + 1. Let l(x) = 21*x**2 - 4*x - 17. Let h(f) = 4*i(f) + l(f). Determine h(-1).
44
Let i(z) = z**2 - 12*z - 1. Let u(d) = 57*d - 105. Let w be u(2). Give i(w).
-28
Let z(c) = 2*c + 3. Let g(t) = -t - 2. Let d(u) = -6*g(u) - 5*z(u). Let i(k) = -2*k + 30. Let l be i(12). What is d(l)?
-27
Let g(w) = -w**2 - w**2 + 6 + 3*w - 9*w + 3*w**2 - 3*w. Calculate g(9).
6
Suppose -16 = -i - 12. Let h(d) = 45 - 38 + i*d - 6*d**2 + 18*d**3 - 17*d**3. Suppose -w - 3 = -4*l, 4*w + 0*l = -5*l + 30. Calculate h(w).
2
Let b(m) = -m**3 - m**2 + m - 20. Suppose -4*p + 21 = -20*r + 17*r, 5*p + 5*r = 0. Suppose -3*d - 3*w = -9, 3*d - 5*w = -18 + p. What is b(d)?
-20
Let s(v) = -1 - 111*v + 59*v + 50*v + 3*v**2 + v**3. Suppose -5*j + j = -r + 33, 0 = 5*j + r + 48. Let a = j + 5. What is s(a)?
-9
Let r(h) be the second derivative of -h**6/120 - h**5/15 + h**4/3 + 2*h**3/3 + 61*h**2/2 + 2*h + 50. Let k(o) be the first derivative of r(o). Give k(-5).
-11
Let p(c) be the first derivative of 190 + c - 9/2*c**2 + 1/3*c**3. Calculate p(6).
-17
Let v be -1 + -1 + (3 + 2 + -3 - 1). Let t(i) = 8*i**3 - 1. Determine t(v).
-9
Let p be 912/444 + -2 - (-152)/(-74). Let k(s) be the first derivative of -s**2/2 + 2*s + 2. Calculate k(p).
4
Suppose 9 - 3 = -t. Let f be -1 - 3/(1 - -2). Let y(l) = -2*l - 3. Let b(w) = 8*w + 11. Let o(z) = f*b(z) - 9*y(z). What is o(t)?
-7
Let u(b) = -3*b**2 + 16*b + 8. Let l be 23/((-253)/(-132))*(-2)/(-4). What is u(l)?
-4
Let c(w) = -3*w + 2*w**2 + 1 - 13*w**3 - 15*w**3 + w + 29*w**3. Let u = -4 - 4. Let l = u + 6. Give c(l).
5
Suppose 12*b + 283*b - 3 + 3 = 0. Let z(s) = -3*s**2 - 5*s - 5. What is z(b)?
-5
Let o(n) = -n**3 + 3*n**2 - 2*n + 3. Let z(t) be the third derivative of t**4 + 41*t**3/2 + 4*t**2 + 2*t. Let a be z(-5). Determine o(a).
-3
Let o(w) = -5 + 1 - 25*w + 3 + 26*w. Let k(h) = -3*h - 13. Let m(x) = -k(x) - o(x). Calculate m(-5).
4
Let v(l) be the first derivative of -l**4/4 - l**2/2 + 3*l + 1330. Calculate v(-2).
13
Let q(m) = -7*m + 25. Let w(z) = 2*z**3 + 19*z**2 - 52*z + 16. Let y be w(2). Calculate q(y).
-3
Let d(v) = -v**3 + 8*v - 25. Let t(j) be the third derivative of -j**5/20 + j**4/12 + j**3/6 + 150*j**2. Let h(q) = -d(q) + 2*t(q). Calculate h(6).
3
Let v(r) = 2*r**2 - 47*r - 274. Let y(t) = t**2 - 21*t - 112. Let k(b) = 2*v(b) - 5*y(b). Let c = 20 - 10. Calculate k(c).
22
Let p(z) = 15*z**2 - 17*z - 68. Let b(x) = -64*x**2 + 67*x + 271. Let u(g) = -4*b(g) - 17*p(g). What is u(-20)?
52
Let i(j) = 6*j**2 + 7*j - 18. Let q = -28439 - -28442. Calculate i(q).
57
Let r(l) = -41*l**2 - 17*l + 13. Let p(m) = -69*m**2 - 29*m + 22. Let u(h) = -7*p(h) + 12*r(h). Determine u(-4).
-138
Let d(w) = -6*w + 56. Let u = -16221 - -16231. What is d(u)?
-4
Let d(b) = -b + 5*b**2 + 4 + b**3 + 3*b - b**2. Let g(i) = 2*i**2 - 71*i - 13. Let u be g(23). Let h = -591 - u. Calculate d(h).
7
Let n(t) = -2*t**3 + 4*t**2 - 2*t - 1. Let a(z) = -z**3 + 6*z**2 - 3*z - 3. Let h be a(5). Let d(l) = -2*l + 16. Let p be d(h). Determine n(p).
-5
Let h(f) = f - 1. Suppose 0*d = -11*d - 41*d - 312. Let n(s) = -7*s + s**3 + 7 + s**2 - s**2 + 3*s**2. Let m(r) = d*h(r) - n(r). What is m(-2)?
-7
Let t(s) be the second derivative of 27*s + 0 + 3*s**2 - 1/3*s**3. Let i be (-14)/(-4) - (-1)/2. Determine t(i).
-2
Let n be 389/5 - 16/(-80). Let b(l) = l**3 + 4*l**2 - 3*l**2 - 5*l**2 + 153*l - 2 - 77*l - n*l. Let i be (-12)/(-10)*(-30)/(-9). Calculate b(i).
-10
Let t be (-5)/(18 + (-10 - 3)). Let l(g) = -11*g - 2. Calculate l(t).
9
Let x(n) = -n**2 - 11*n + 26. Let z = 197 + -132. Suppose 4*j = -j - z. Let o be x(j). Let b(v) = v**3 - v + 6. What is b(o)?
6
Let p(t) = 6 + t**2 + 33*t - 4 - 5 - 19*t + 44. Determine p(-4).
1
Let c(t) = t**3 + 26*t**2 + t + 41. Let v be -6 + (-12 - (-2 - -10)). Determine c(v).
15
Suppose -4*k - 15 = o - 3*k, -5*o - 40 = -2*k. Let x(t) be the second derivative of t**3/3 + 2*t**2 + 2*t + 55. Give x(o).
-16
Let f(y) = -y**2 + 5*y. Let u(i) = -i**3 + 3*i - 2. Let g be u(-3). Suppose 3*a + g = 7. Let l be (-5)/((-5)/4) - a. Determine f(l).
-14
Let p(f) = -4*f**2 + 12*f + 12. Let w(s) = -3*s**2 + 11*s + 11. Let t = -169 + 164. Let b(y) = t*w(y) + 4*p(y). Determine b(-7).
-7
Let r(n) = -35*n**2 + 161*n - 430. Let w(c) = -4*c**2 + 18*c - 48. Let j(a) = 3*r(a) - 26*w(a). Calculate j(13).
-16
Let q(m) = 11*m**3 + 7*m**2 + 11*m - 13. Let h(y) = 44*y**3 + 29*y**2 + 47*y - 60. Let n(l) = -2*h(l) + 9*q(l). What is n(-1)?
-8
Let d be 34/24 + (-12)/16. Let k(v) be the second derivative of -d*v**3 + 0*v**2 + 1/4*v**4 + 5*v + 0. Calculate k(3).
15
Suppose -89 = -2*g - 5*h, -5*h = -2*g + 6 + 33. Let i = g - 32. Let c(w) = 4 - 2*w - 10 + 8 + i*w. Calculate c(2).
-2
Let u be (-186)/45 - (-12)/90. Let g(b) = b + 12. Let z be g(-11). Let h(i) = 32*i - 14*i + 5 + i**2 - z - 15*i. Calculate h(u).
8
Let t(z) = -3*z**3 - 4*z**2 + 2*z + 1. Let u = -81 + 82. Let a(v) = v**3 + v**2. Let c(r) = u*t(r) + 2*a(r). Give c(-2).
-3
Let d(i) = 6282 + 2*i + 6345 - 12675. What is d(29)?
10
Suppose 9 + 1 = n. Let c be -2*(-10)/(-50) - 56/n. Let o(d) = d + 8. Determine o(c).
2
Let f = 1564 - 1566. Let a be 117/52*(-4)/(-3). Let j(q) = -3*q + a + 8*q - 4. Determine j(f).
-11
Let m = -480 - -521. Let l(v) = 2*v + 89 - 21 - 52 - m. Give l(12).
-1
Let i(w) = -183*w + 10. Let s(y) = 157*y - 9. Let m(b) = -6*i(b) - 7*s(b). What is m(-17)?
20
Let i(h) = -2*h**3 + 24*h**2 + 4*h + 303. Let b be i(13). Let q(m) = -m**3 + 16*m**2 + 21*m - 73. Give q(b).
-5
Let m(f) = 107*f**3 - f**2 + 2*f + 3. Suppose 0 = -35*o - 1415 + 1380. What